ate t(8).
-9
Let q(r) = -r**3 - 5*r**2 + 5*r - 6. Give q(-6).
0
Let q(y) = y**3 - 5*y**2 - 15*y + 87. Calculate q(5).
12
Let c(y) = -y**3 + 5*y**2 - 7*y - 4. Calculate c(4).
-16
Let m(d) = -d**2 - 9*d - 8. Determine m(0).
-8
Let l(g) = g**2 - 7*g - 19. Give l(9).
-1
Let r(l) = -l**3 - 7*l**2 - 5*l - 1. Calculate r(-2).
-11
Let o(h) = -2*h**2 - 16*h - 31. Calculate o(-3).
-1
Let w(n) = -n**2 + 9*n + 20. What is w(9)?
20
Let y(n) = n + 2. Determine y(5).
7
Let r(y) = 11*y - 15. Determine r(2).
7
Let x(w) = -w**2 - 14*w - 25. Give x(-12).
-1
Let i(t) = -2*t + 38. Calculate i(9).
20
Let y(x) = -2*x**2 + 3*x + 54. Give y(6).
0
Let t(o) = o**2 - 9*o - 10. What is t(9)?
-10
Let f(y) = -y - 44. Calculate f(-13).
-31
Let v(f) = -f**3 + 5*f**2 + 3*f + 8. Give v(6).
-10
Let o(u) = -u**3 - 14*u**2 - 31*u. Calculate o(-3).
-6
Let n(m) = -m**2 - 9*m - 5. What is n(-4)?
15
Let u(b) = b - 11. Give u(-8).
-19
Let c(n) = -n**2 - 3*n - 4. Give c(0).
-4
Let a(v) = 6*v + 28. Give a(-3).
10
Let o(k) = -k + 15. What is o(-25)?
40
Let s(b) = b**3 + 8*b**2 - 4*b + 4. Calculate s(-9).
-41
Let f(o) = o**3 - 10*o**2 + 11*o - 8. Determine f(9).
10
Let k(n) = -n**2 + 12*n + 31. What is k(14)?
3
Let d(n) = 3*n - 11. Calculate d(6).
7
Let i(j) = 6*j**2 - 2*j + 8. Give i(2).
28
Let x(p) = -15*p + 1. Calculate x(2).
-29
Let g(u) = -u**2 - 15*u + 10. What is g(-16)?
-6
Let k(n) = 4*n - 5. What is k(4)?
11
Let c(k) = -60*k**2 + 2*k - 1. Determine c(1).
-59
Let o(k) = -k**3 - 13*k**2 + 18*k + 6. Determine o(-14).
-50
Let h(w) = -w**3 - 4*w**2 + 9*w - 6. Determine h(-5).
-26
Let l(w) = -w**3 + 7*w**2 + 4*w - 1. Determine l(7).
27
Let u(l) = -2*l**2 - 97*l - 303. What is u(-45)?
12
Let x(p) = -8*p + 20. Calculate x(5).
-20
Let l(y) = y**3 + 14*y**2 + 4*y + 60. Give l(-14).
4
Let g(z) = 2*z - 8. Determine g(6).
4
Let h(b) = -5*b**3 - 2*b**2 + b + 4. What is h(-2)?
34
Let a(f) = f**2 - 18*f - 28. What is a(19)?
-9
Let g(t) = t**2 + 12*t - 9. Give g(3).
36
Let m(n) = -19*n + 4. Determine m(2).
-34
Let h(z) = -z**3 + 11*z**2 + 28*z - 24. Give h(13).
2
Let g(v) = 44*v + 350. What is g(-8)?
-2
Let z(y) = -y**2 + 3*y - 5. What is z(2)?
-3
Let o(g) = g**3 + 3*g**2 - 44*g - 27. Calculate o(-8).
5
Let c(r) = r**3 - 16*r**2 + 43*r - 8. What is c(13)?
44
Let g(t) = t**2 + 4*t - 3. What is g(-7)?
18
Let c(i) = -4*i - 7. Determine c(5).
-27
Let v(x) = -3*x - 3. What is v(7)?
-24
Let g(o) = -o**3 - 21*o**2 + 24*o + 63. What is g(-22)?
19
Let k(n) = -n**3 + 8*n**2 - 2*n - 6. Calculate k(7).
29
Let a(b) = b**2 + 7*b - 7. Calculate a(-8).
1
Let t(c) = c - 3. Determine t(-11).
-14
Let x(a) = 12*a + 96. Give x(-10).
-24
Let l(d) = d**2 - 9*d - 6. Determine l(8).
-14
Let i(w) = -w**3 - 8*w**2 - 3*w + 8. Calculate i(-8).
32
Let f(z) = -5*z**2 + 2*z + 1. Give f(1).
-2
Let b(f) = -f**3 + 2*f**2 + 3*f - 4. Give b(3).
-4
Let x(f) = f**3 - 24*f**2 - f + 30. Determine x(24).
6
Let f(w) = 3*w**2 + w. What is f(-1)?
2
Let o(b) = b - 17. Determine o(8).
-9
Let c(m) = m - 13. Determine c(16).
3
Let p(r) = 5*r - 38. What is p(-6)?
-68
Let j(q) = -9*q**2 + q - 2. Give j(1).
-10
Let z(y) = y**2 + 8*y - 16. Give z(2).
4
Let q(d) = d**3 + 15*d**2 - 13*d + 25. Calculate q(-16).
-23
Let f(c) = c - 6. What is f(13)?
7
Let r(a) = 8*a + 78. What is r(-9)?
6
Let f(h) = -h**3 + 7*h**2 + 4*h + 29. Give f(8).
-3
Let o(l) = 25*l**2 - 2*l + 1. Give o(1).
24
Let o(l) = 9*l + 3. Give o(-4).
-33
Let s(b) = b**3 - 4*b**2 - 14*b + 6. Calculate s(6).
-6
Let b(x) = -x**2 - x + 454. Determine b(-22).
-8
Let s(d) = 3*d + 1. Give s(-7).
-20
Let f(h) = -h**3 + 19*h**2 - 14*h - 38. What is f(18)?
34
Let x(m) = -91*m**3 - 1. Calculate x(1).
-92
Let n(c) = 31*c - 201. What is n(6)?
-15
Let f(v) = -2*v**2 - 141*v + 518. Give f(-74).
0
Let i(m) = 5*m - 25. Calculate i(6).
5
Let a(n) = 64*n - 261. What is a(4)?
-5
Let u(t) = 2*t**2 - 12*t + 8. Give u(5).
-2
Let l(s) = 2*s**3 + 26*s**2 - s - 3. Calculate l(-13).
10
Let n(f) = 13*f - 15. Give n(-8).
-119
Let b(v) = -v**2 + 18*v - 34. Give b(16).
-2
Let q(j) = 12*j + 5. What is q(2)?
29
Let w(l) = 6*l. Calculate w(6).
36
Let j(h) = -h**2 - 20*h + 41. Determine j(-22).
-3
Let c(t) = t**3 + 5*t**2 - 4*t - 1. Calculate c(0).
-1
Let i(a) = a**3 + 9*a**2 - 3*a + 10. Calculate i(-10).
-60
Let b(k) = 15*k. Determine b(1).
15
Let y(h) = -h + 6. Calculate y(0).
6
Let t(r) = -r**2 - 4*r + 7. Give t(5).
-38
Let b(d) = 10*d**2 + d + 1. Give b(2).
43
Let y(q) = -39*q - 239. Calculate y(-6).
-5
Let j(v) = -v**2 - 6*v - 22. Determine j(-6).
-22
Let q(y) = 46*y - 369. Calculate q(8).
-1
Let r(u) = u - 5. What is r(-5)?
-10
Let a(o) = -o**2 - 30*o - 55. Determine a(-29).
-26
Let n(o) = o**3 - 26*o**2 - 18*o - 280. Give n(27).
-37
Let o(i) = -15*i + 27. Determine o(2).
-3
Let o(t) = 36*t + 167. Calculate o(-5).
-13
Let k(l) = 2*l**2 + 51*l + 24. What is k(-24)?
-48
Let n(j) = -5*j + 3. What is n(-7)?
38
Let o(p) = -p**2 - 10*p - 15. Determine o(-3).
6
Let d(j) = -j + 26. Determine d(17).
9
Let v(f) = -f**2 - 2*f + 4. What is v(3)?
-11
Let k(d) = d**3 - 3*d**2 + 2*d. Calculate k(3).
6
Let u(o) = 10*o**2 - o + 2. What is u(1)?
11
Let c(q) = -5*q**2 + 6. Determine c(-2).
-14
Let w(t) = -t**3 + 8*t**2 + 16*t - 61. Calculate w(9).
2
Let h(f) = -2*f**2 - 16*f + 78. Calculate h(4).
-18
Let f(r) = -36*r - 45. Give f(-3).
63
Let s(y) = -3*y - 13. Calculate s(-12).
23
Let j(t) = t**2 + 7*t + 16. Give j(-6).
10
Let b(c) = -16*c + 1. Calculate b(-4).
65
Let t(m) = m**3 + 35*m**2 + m + 28. What is t(-35)?
-7
Let v(g) = -g**3 + 14*g**2 + 29*g + 54. Calculate v(16).
6
Let g(q) = -55*q + 434. Give g(8).
-6
Let x(r) = -2*r**3 + 17*r**2 - 26*r + 29. What is x(7)?
-6
Let x(o) = o**2 - o. Determine x(0).
0
Let y(m) = 3*m**2 - 2*m + 4. What is y(-2)?
20
Let t(w) = -w**3 + 5*w**2 + 5*w + 10. Calculate t(7).
-53
Let n(r) = r**2 - 13*r + 30. Give n(13).
30
Let l(f) = -f**3 + 14*f**2 - 23*f - 7. Calculate l(12).
5
Let y(r) = 4*r**2 - 19*r. Give y(5).
5
Let f(i) = i**3 + 6*i**2 - 7*i - 2. What is f(-6)?
40
Let g(s) = -6*s - 62. Give g(-6).
-26
Let n(d) = 5*d**3 - 19*d**2 - 8*d + 20. Calculate n(4).
4
Let a(u) = -5*u + 23. What is a(5)?
-2
Let z(w) = -w**2 + 6*w + 5. Calculate z(9).
-22
Let k(g) = -2*g + 12. Give k(13).
-14
Let y(v) = 5*v - 22. Give y(7).
13
Let b(o) = o**3 + 10*o**2 + 6*o - 13. Calculate b(-9).
14
Let g(a) = 4*a**3 - 8*a**2 - 4*a + 3. Determine g(4).
115
Let x(w) = 3*w**3 + 2*w**2 + 11*w + 21. Calculate x(-2).
-17
Let z(j) = j**3 - 3*j**2 - 9*j + 6. Determine z(5).
11
Let s(c) = c**3 + c**2 - c - 18. Determine s(3).
15
Let v(t) = -t**2 - 16*t - 3. Calculate v(-8).
61
Let x(n) = 13*n + 12. What is x(1)?
25
Let d(v) = -v**2 - 20*v + 12. Give d(-9).
111
Let g(v) = v**3 - 7*v**2 - 9*v - 14. Give g(8).
-22
Let u(s) = 2*s**2 - 14*s - 15. Give u(7).
-15
Let m(s) = -s**2 + 2. Determine m(-2).
-2
Let x(f) = -f + 20. What is x(13)?
7
Let b(v) = v**2 - 17*v + 54. Give b(11).
-12
Let v(b) = -13*b + 253. What is v(19)?
6
Let r(k) = -k**2 + k + 7. Give r(6).
-23
Let g(d) = 2*d - 27. Calculate g(19).
11
Let g(l) = l**2 - 16*l - 60. What is g(19)?
-3
Let f(q) = q**3 + 7*q**2 - 10*q - 23. Determine f(-8).
-7
Let c(j) = j**2 - 2*j - 10. Determine c(-3).
5
Let t(d) = d**2 - 6*d - 18. Give t(9).
9
Let i(p) = p**2 - 3*p - 34. Determine i(8).
6
Let f(v) = 2*v**2 - 32*v - 52. Give f(17).
-18
Let h(i) = -4*i**2 - 121*i - 30. Calculate h(-30).
0
Let h(a) = -a**2 - 5*a + 38. What is h(-11)?
-28
Let r(t) = -2*t**2 + 12*t - 9. Give r(4).
7
Let t(h) = h**2 + 7*h + 16. Calculate t(-4).
4
Let o(p) = -2*p**2 - 4*p + 8. Give o(5).
-62
Let i(b) = 4*b + 13. Determine i(-6).
-11
Let n(b) = b**3 + 13*b**2 + 11*b - 5. What is n(-12)?
7
Let z(w) = w**3 + 2*w**2 + 9. Determine z(-5).
-66
Let v(q) = q**2 - 21*q - 27. Calculate v(24).
45
Let l(d) = 5*d + 29. Calculate l(-23).
-86
Let j(a) = -a - 47. What is j(0)?
-47
Let g(n) = -6*n + 2. Give g(3).
-16
Let b(t) = -t - 33. Calculate b(-14).
-19
Let t(i) = -13*i - 2. Calculate t(-1).
11
Let o(y) = y**3 - 3*y**2 + 4*y + 1. What is o(2)?
5
Let w(a) = a**3 - 6*a**2 + 4*a + 10. What is w(5)?
5
Let o(w) = -10*w**3 - w**2 + w - 1. Determine o(1).
-11
Let t(q) = -2*q + 13. What is t(8)?
-3
Let m(z) = z**2 + 81*z + 1600. What is m(-34)?
2
Let j(c) = -c**3 + 4*c**2 - 2*c + 2. What is j(2)?
6
Let h(r) = r**2 + 4*r - 16. Gi